 base 7, what is 120003 + 2?
120005
In base 3, what is 201120222000 + 10?
201120222010
In base 15, what is 4a + -1a3?
-158
In base 8, what is 1277 - 62?
1215
In base 13, what is 55 - -81b?
873
In base 10, what is -546 + -27?
-573
In base 14, what is -51610 + -1?
-51611
In base 4, what is -2 - -11013223311?
11013223303
In base 12, what is -14676 - -5?
-14671
In base 13, what is -4374 + 2?
-4372
In base 6, what is 115401 - -30?
115431
In base 16, what is 706 - 24?
6e2
In base 10, what is -5 - -2361?
2356
In base 7, what is 0 + -103363?
-103363
In base 5, what is 13 - 14111332?
-14111314
In base 14, what is 2 - 222a2b?
-222a29
In base 3, what is -2 + 2111120102?
2111120100
In base 7, what is -20 - -252041?
252021
In base 13, what is 2 + -2567?
-2565
In base 11, what is 333841 - 5?
333837
In base 9, what is -2 + -1732504?
-1732506
In base 15, what is -c3d - -100?
-b3d
In base 9, what is -140 - -28076?
27836
In base 14, what is 11b6 + -c?
11a8
In base 13, what is -2c3 - -cb?
-1c5
In base 4, what is 1200000101 + -31?
1200000010
In base 3, what is -22112102111 - -1221?
-22112100120
In base 6, what is -1 + 1544112?
1544111
In base 9, what is -2 - 385575?
-385577
In base 2, what is -101001101010 + 1111110?
-100111101100
In base 6, what is 1202 + 3414?
5020
In base 4, what is -31 - -101213112?
101213021
In base 14, what is 5 + -56833?
-5682c
In base 15, what is 6d0 - be?
611
In base 16, what is -4f98 + 4?
-4f94
In base 8, what is -4707 - 10?
-4717
In base 5, what is 2331020142 - 0?
2331020142
In base 3, what is -102001210 - -2012?
-101222121
In base 5, what is -1324 - 221123?
-223002
In base 5, what is -113 - 334243?
-334411
In base 8, what is 35 - 2632?
-2575
In base 5, what is -31 - 1213340?
-1213421
In base 13, what is -2 - -1450?
144b
In base 4, what is 1030000021 - -1?
1030000022
In base 16, what is -12 + -1396d?
-1397f
In base 10, what is 6 + -40822?
-40816
In base 15, what is 3 + 658b1?
658b4
In base 6, what is 3502514 - -5?
3502523
In base 16, what is 2 + -11c2?
-11c0
In base 11, what is -65 + -1610?
-1675
In base 13, what is -2 + 21516?
21514
In base 9, what is -2 - 30188?
-30201
In base 6, what is 10 + 225103?
225113
In base 3, what is -1111 + -1100210210?
-1100212021
In base 3, what is -201010121111 - -1?
-201010121110
In base 6, what is -11221204 + 0?
-11221204
In base 12, what is -3 - -89863?
89860
In base 15, what is 5 + 3479e?
347a4
In base 2, what is -1101111 + -10000001000?
-10001110111
In base 16, what is -2ea1 + -4?
-2ea5
In base 3, what is 1211200021 + 10012?
1211210110
In base 10, what is 671103 - -3?
671106
In base 13, what is -7b - -2043?
1c95
In base 4, what is -21310 + -11300?
-33210
In base 8, what is 10 + 3313?
3323
In base 8, what is -1275 + -14?
-1311
In base 9, what is -24 + -3646?
-3671
In base 16, what is -2e6087 - -3?
-2e6084
In base 6, what is -153124 - 311?
-153435
In base 6, what is 4 - -104533?
104541
In base 16, what is -20 + -3bf?
-3df
In base 2, what is -1111000000010111110100 - 100?
-1111000000010111111000
In base 13, what is -8335 + -15?
-834a
In base 13, what is a50c9 - 1?
a50c8
In base 12, what is 113 - 21?
b2
In base 9, what is -55 - 2263?
-2328
In base 14, what is 58ab + -2?
58a9
In base 9, what is -1454 + 483?
-861
In base 4, what is -13030221 - 2?
-13030223
In base 13, what is 10a + -3c4?
-2b7
In base 3, what is -1012200211121 - -10?
-1012200211111
In base 14, what is 556a + -3?
5567
In base 7, what is 134432 + -4?
134425
In base 6, what is 2344 + 4?
2352
In base 6, what is 1114 - 51100?
-45542
In base 7, what is -1134 + -12463?
-13630
In base 12, what is -a8262 + 3?
-a825b
In base 7, what is -3 + 44001?
43665
In base 9, what is -18 - 1681?
-1710
In base 8, what is -21425 + -1270?
-22715
In base 8, what is 41160 - -66?
41246
In base 2, what is 11011111010 - 10001111?
11001101011
In base 5, what is 301303 - 103?
301200
In base 3, what is -12222 - 1011001?
-1101000
In base 11, what is -3 - 67376?
-67379
In base 8, what is -2 + -2422211?
-2422213
In base 12, what is -2 - -22a78?
22a76
In base 14, what is -a + 103d?
1033
In base 15, what is ce78 + -1?
ce77
In base 12, what is 14b7 + -16?
14a1
In base 4, what is -11 - 11330311112?
-11330311123
In base 12, what is 3b8b - 19?
3b72
In base 3, what is 22022121100 + -10?
22022121020
In base 14, what is 50 + -b6c0?
-b670
In base 12, what is 0 + 12b7a?
12b7a
In base 10, what is -145894 + -5?
-145899
In base 11, what is a504 + -98?
a417
In base 10, what is -223 + -50?
-273
In base 8, what is 426427 + 4?
426433
In base 10, what is 104331 - -3?
104334
In base 9, what is 4600 - -10?
4610
In base 11, what is -5 - a835?
-a83a
In base 4, what is -1023113 - 20?
-1023133
In base 12, what is -17 + -599?
-5b4
In base 13, what is 106a3 - -33?
10706
In base 15, what is 29c2 + -1c?
29a5
In base 5, what is -100313321 - -14?
-100313302
In base 5, what is -23404 + 300?
-23104
In base 16, what is -a - 3cf?
-3d9
In base 2, what is 100001001 - -10110111100?
11011000101
In base 7, what is -21 + 30100?
30046
In base 16, what is 75e0 - -10c?
76ec
In base 13, what is -7a2 - 5?
-7a7
In base 13, what is -239 + -5aa?
-816
In base 11, what is 95 + -917?
-832
In base 9, what is 16324 + -51?
16263
In base 16, what is -9ef - 617?
-1006
In base 12, what is -4 - -7626?
7622
In base 12, what is 9905 + 3?
9908
In base 7, what is -4 + 41240?
41233
In base 11, what is 1746057 - -2?
1746059
In base 9, what is -6835 - 2?
-6837
In base 10, what is -155683 + 1?
-155682
In base 11, what is -1 + -9697?
-9698
In base 10, what is 0 + -34649?
-34649
In base 14, what is -439c + -2?
-43a0
In base 16, what is 33 - 9a?
-67
In base 6, what is -41 + 422?
341
In base 7, what is 1 - 21513133?
-21513132
In base 12, what is -16580aa - -5?
-16580a5
In base 3, what is -112102211210 + -1?
-112102211211
In base 6, what is 33332145 - 5?
33332140
In base 8, what is -3 + 5103?
5100
In base 9, what is -266 - -6?
-260
In base 6, what is 2231435 + -1?
2231434
In base 9, what is 2603 + -23?
2570
In base 3, what is -1 + -121122102111?
-121122102112
In base 9, what is -86 + -153687?
-153784
In base 7, what is -24 - 115512?
-115536
In base 12, what is 42 - -7204?
7246
In base 10, what is 3 + 16333?
16336
In base 4, what is -10 + -133210?
-133220
In base 15, what is -3d28 + 4?
-3d24
In base 12, what is 2b015 - 7?
2b00a
In base 7, what is 322 + -122?
200
In base 12, what is 3744 - 2?
3742
In base 6, what is -121114 - 231?
-121345
In base 13, what is -4 - -8c6?
8c2
In base 2, what is -101 - -110000110000001?
110000101111100
In base 11, what is 0 - 9a68?
-9a68
In base 11, what is 4 - -44137?
44140
In base 10, what is 36490 - 3?
36487
In base 12, what is 712 + 1?
713
In base 11, what is -2 + -162306?
-162308
In base 14, what is -31d9 + -4?
-31dd
In base 14, what is 3c9 - -878?
c63
In base 5, what is -1102101 + 213?
-1101333
In base 16, what is -b + 10ffa?
10fef
In base 10, what is 542 + -73?
469
In base 16, what is 8f8 + 8?
900
In base 10, what is -7014 - -1?
-7013
In base 16, what is 63c + 7?
643
In base 15, what is -14c22 + a?
-14c17
In base 15, what is -21a - 1302?
-151c
In base 2, what is -100 + -110010000101011?
-110010000101111
In base 12, what is -3 - b4b39?
-b4b40
In base 3, what is -222122110 - -102?
-222122001
In base 10, what is -1192 + -27?
-1219
In base 16, what is 1 + -2145f?
-2145e
In base 9, what is 1511 + 17?
1528
In base 4, what is 12133111 - 103?
12133002
In base 6, what is -241402 - 4?
-241410
In base 4, what is -3322032133 + 0?
-3322032133
In base 6, what is -12 - -1124013?
1124001
In base 2, what is -1000011000100 + -100?
-1000011001000
In base 2, what is 1110100 - -1101001?
11011101
In base 15, what is 2 + 37397?
37399
In base 8, what is -3532 + -6?
-3540
In base 3, what is -120212100110 - 11?
-120212100121
In base 9, what is 46143 - -50?
46203
In base 2, what is -100000011 - 1010011?
-101010110
In base 8, what is 1 + 105672?
105673
In base 2, what is -10100111010000011010000 + -10?
-10100111010000011010010
In base 2, what is 101001110010 + 11011001?
101101001011
In base 4, what is 21331232 + -2?
21331230
In base 3, what is 212 - 220001?
-212012
In base 9, what is -3212 - 781?
-4103
In base 3, what is -2 + 11102102?
11102100
In base 11, what is 107 - 469?
-362
In base 2, what is 100 - -100100100110100?
10010010011